{"id":510,"date":"2015-04-12T22:07:28","date_gmt":"2015-04-12T20:07:28","guid":{"rendered":"http:\/\/www.sandravandebergh.nl\/?page_id=510"},"modified":"2023-01-10T18:29:15","modified_gmt":"2023-01-10T16:29:15","slug":"impressum","status":"publish","type":"page","link":"https:\/\/sandravandebergh.nl\/?page_id=510","title":{"rendered":"Impressum"},"content":{"rendered":"<p><span style=\"color: #000000;\">Impressum:<\/span><\/p>\n<p><span style=\"color: #000000;\">Xandra<\/span><br \/>\n<span style=\"color: #000000;\">Singer &amp; Songwriter<\/span><\/p>\n<p><span style=\"color: #000000;\"><strong>Internetpr\u00e4senz:<\/strong><\/span><br \/>\n<span style=\"color: #000000;\">www.xandra.net<\/span><\/p>\n<p><span style=\"color: #000000;\"><strong>Dieses Impressum gilt auch f\u00fcr folgende Social Media Profile:<\/strong><\/span><br \/>\n<span style=\"color: #000000;\">Facebook:\u00a0XandraSingerSongwriter,\u00a0SandraZangeres und\u00a0sandra.sangerin.50<\/span><br \/>\n<span style=\"color: #000000;\">Google+:\u00a0Xandra<\/span><br \/>\n<span style=\"color: #000000;\">Twitter:\u00a0sandrav1975<\/span><\/p>\n<p><span style=\"color: #000000;\"><strong>Konzept, Gestaltung und Inhalte:<\/strong><\/span><br \/>\n<span style=\"color: #000000;\">Sandra Vandebergh<\/span><\/p>\n<p><span style=\"color: #000000;\"><strong>Kontakt:<\/strong><\/span><br \/>\n<span style=\"color: #000000;\">Sandra Vandebergh<\/span><\/p>\n<p><span style=\"color: #000000;\">Dr. Philipsstraat 47<\/span><br \/>\n<span style=\"color: #000000;\">6431 EC\u00a0 HOENSBROEK<\/span><br \/>\n<span style=\"color: #000000;\">Niederlande<\/span><br \/>\n<span style=\"color: #000000;\">Telefonnummer: +31 6 12 55 81 87<\/span><\/p>\n<p><span style=\"color: #000000;\"><strong>Mail:<\/strong> &#105;&#x6e;&#x66;&#111;&#x40;&#x78;a&#x6e;&#x64;r&#97;&#x2e;n&#101;&#x74;<\/span><\/p>\n<p><span style=\"color: #000000;\">Kleinunternehmer gem\u00e4\u00df \u00a7 19 UStG<\/span><\/p>\n<p><span style=\"color: #000000;\">Die Europ\u00e4ische Kommission stellt eine Plattform zur Online-Streitbeilegung (OS) bereit, die Sie hier finden\u00a0<a style=\"color: #000000;\" href=\"https:\/\/ec.europa.eu\/consumers\/odr\/\" target=\"_blank\" rel=\"nofollow noopener noreferrer\">https:\/\/ec.europa.eu\/consumers\/odr\/<\/a>.<\/span><br \/>\n<span style=\"color: #000000;\">Zur Teilnahme an einem Streitbeilegungsverfahren vor einer Verbraucherschlichtungsstelle sind wir nicht verpflichtet und nicht bereit.<\/span><\/p>\n<p style=\"text-align: center;\"><span style=\"color: #000000;\">*****<\/span><\/p>\n<p><span style=\"color: #000000;\"><strong>Haftung f\u00fcr Inhalte:<br \/>\n<\/strong>Die Inhalte dieser Seiten wurden mit gr\u00f6\u00dfter Sorgfalt erstellt. F\u00fcr die Richtigkeit, Vollst\u00e4ndigkeit und Aktualit\u00e4t der Inhalte kann jedoch keine Gew\u00e4hr \u00fcbernommen werden.<\/span><\/p>\n<p><span style=\"color: #000000;\">Als Diensteanbieter ist der Betreiber gem\u00e4\u00df \u00a7 6 Abs.1 MDStV und \u00a7 8 Abs.1 TDG f\u00fcr eigene Inhalte auf diesen Seiten nach den allgemeinen Gesetzen verantwortlich. Diensteanbieter sind jedoch nicht verpflichtet, die von ihnen \u00fcbermittelten oder gespeicherten fremden Informationen zu \u00fcberwachen oder nach Umst\u00e4nden zu forschen, die auf eine rechtswidrige T\u00e4tigkeit hinweisen. Verpflichtungen zur Entfernung oder Sperrung der Nutzung von Informationen nach den allgemeinen Gesetzen bleiben hiervon unber\u00fchrt. Eine diesbez\u00fcgliche Haftung ist jedoch erst ab dem Zeitpunkt der Kenntnis einer konkreten Rechtsverletzung m\u00f6glich. Bei bekannt werden von entsprechenden Rechtsverletzungen werden diese Inhalte umgehend entfernt.<\/span><\/p>\n<p><span style=\"color: #000000;\"><strong>Haftung f\u00fcr Links:<\/strong><\/span><br \/>\n<span style=\"color: #000000;\">Dieses Angebot enth\u00e4lt Links zu externen Webseiten Dritter, auf deren Inhalte kein Einfluss genommen werden kann. Deshalb kann f\u00fcr diese fremden Inhalte auch keine Gew\u00e4hr \u00fcbernommen werden. F\u00fcr die Inhalte der verlinkten Seiten ist stets der jeweilige Anbieter oder Betreiber der Seiten verantwortlich. Die verlinkten Seiten wurden zum Zeitpunkt der Verlinkung auf m\u00f6gliche Rechtsverst\u00f6\u00dfe \u00fcberpr\u00fcft. Rechtswidrige Inhalte waren zum Zeitpunkt der Verlinkung nicht erkennbar. Eine permanente inhaltliche Kontrolle der verlinkten Seiten ist jedoch ohne konkrete Anhaltspunkte einer Rechtsverletzung nicht zumutbar. Bei bekannt werden von Rechtsverletzungen werden derartige Links umgehend entfernt.<\/span><\/p>\n<p><span style=\"color: #000000;\"><strong>Urheberrecht:<\/strong><\/span><br \/>\n<span style=\"color: #000000;\">Der Betreiber der Seiten ist bem\u00fcht, stets die Urheberrechte anderer zu beachten bzw. auf selbst erstellte sowie lizenzfreie Werke zur\u00fcckzugreifen.<\/span><br \/>\n<span style=\"color: #000000;\">Die durch den Seitenbetreiber erstellten Inhalte und Werke auf diesen Seiten unterliegen dem deutschen Urheberrecht. Beitr\u00e4ge Dritter sind als solche gekennzeichnet. Die Vervielf\u00e4ltigung, Bearbeitung, Verbreitung und jede Art der Verwertung au\u00dferhalb der Grenzen des Urheberrechtes bed\u00fcrfen der schriftlichen Zustimmung des jeweiligen Autors bzw. Erstellers. Downloads und Kopien dieser Seite (einschl. Bilder) sind nur f\u00fcr den privaten, nicht kommerziellen Gebrauch gestattet.<\/span><\/p>\n<p><span style=\"color: #000000;\"><strong>Datenschutz:<\/strong><\/span><br \/>\n<span style=\"color: #000000;\">Soweit auf diesen Seiten personenbezogene Daten (beispielsweise Name, Anschrift oder eMail-Adressen) erhoben werden, erfolgt dies soweit m\u00f6glich stets auf freiwilliger Basis. Die Nutzung der Angebote und Dienste ist, soweit m\u00f6glich, stets ohne Angabe personenbezogener Daten m\u00f6glich.<\/span><br \/>\n<span style=\"color: #000000;\">Der Nutzung von im Rahmen der Impressumspflicht ver\u00f6ffentlichten Kontaktdaten durch Dritte zur \u00dcbersendung von nicht ausdr\u00fccklich angeforderter Werbung und Informationsmaterialien wird hiermit ausdr\u00fccklich widersprochen. Der Betreiber der Seiten beh\u00e4lt sich ausdr\u00fccklich rechtliche Schritte im Falle der unverlangten Zusendung von Werbeinformationen, etwa durch Spam-Mails, vor.<\/span><\/p>\n<p><i><a title=\"Impressum\" href=\"http:\/\/shop.trustedshops.com\/rechtstexte-kostenlos\" target=\"_blank\" rel=\"noopener noreferrer\">Impressum<\/a>\u00a0erstellt mit dem\u00a0<a title=\"Trusted Shops\" href=\"https:\/\/shop.trustedshops.com\/de\/\" target=\"_blank\" rel=\"noopener noreferrer\">Trusted Shops<\/a>\u00a0Rechtstexter in Kooperation mit\u00a0<a title=\"Wilde Beuger Solmecke Rechtsanw\u00e4lte\" href=\"http:\/\/www.wbs-law.de\/\" target=\"_blank\" rel=\"nofollow noopener noreferrer\">Wilde Beuger Solmecke Rechtsanw\u00e4lte<\/a>.<\/i><\/p>\n","protected":false},"excerpt":{"rendered":"<p>Impressum: Xandra Singer &amp; Songwriter Internetpr\u00e4senz: www.xandra.net Dieses Impressum gilt auch f\u00fcr folgende Social Media Profile: Facebook:\u00a0XandraSingerSongwriter,\u00a0SandraZangeres und\u00a0sandra.sangerin.50 Google+:\u00a0Xandra Twitter:\u00a0sandrav1975 Konzept, Gestaltung und Inhalte: Sandra Vandebergh Kontakt: Sandra Vandebergh Dr. Philipsstraat 47 6431 EC\u00a0 HOENSBROEK Niederlande Telefonnummer: +31 6 12 55 81 87 Mail: &#105;&#x6e;&#102;&#x6f;&#64;&#x78;&#97;&#x6e;&#100;&#x72;&#97;&#x2e;&#110;&#x65;&#116; Kleinunternehmer gem\u00e4\u00df \u00a7 19 UStG Die Europ\u00e4ische Kommission stellt eine [&hellip;]<\/p>\n","protected":false},"author":3,"featured_media":0,"parent":0,"menu_order":10,"comment_status":"closed","ping_status":"closed","template":"","meta":[],"yoast_head":"<!-- This site is optimized with the Yoast SEO plugin v21.1 - https:\/\/yoast.com\/wordpress\/plugins\/seo\/ -->\n<title>Impressum - Xandra<\/title>\n<meta name=\"robots\" content=\"index, follow, max-snippet:-1, max-image-preview:large, max-video-preview:-1\" \/>\n<link rel=\"canonical\" href=\"https:\/\/sandravandebergh.nl\/?page_id=510\" \/>\n<meta property=\"og:locale\" content=\"de_DE\" \/>\n<meta property=\"og:type\" content=\"article\" \/>\n<meta property=\"og:title\" content=\"Impressum - Xandra\" \/>\n<meta property=\"og:description\" content=\"Impressum: Xandra Singer &amp; Songwriter Internetpr\u00e4senz: www.xandra.net Dieses Impressum gilt auch f\u00fcr folgende Social Media Profile: Facebook:\u00a0XandraSingerSongwriter,\u00a0SandraZangeres und\u00a0sandra.sangerin.50 Google+:\u00a0Xandra Twitter:\u00a0sandrav1975 Konzept, Gestaltung und Inhalte: Sandra Vandebergh Kontakt: Sandra Vandebergh Dr. Philipsstraat 47 6431 EC\u00a0 HOENSBROEK Niederlande Telefonnummer: +31 6 12 55 81 87 Mail: info&#064;&#120;&#097;&#110;&#100;&#x72;&#x61;&#x2e;&#x6e;&#x65;&#x74; Kleinunternehmer gem\u00e4\u00df \u00a7 19 UStG Die Europ\u00e4ische Kommission stellt eine [&hellip;]\" \/>\n<meta property=\"og:url\" content=\"https:\/\/sandravandebergh.nl\/?page_id=510\" \/>\n<meta property=\"og:site_name\" content=\"Xandra\" \/>\n<meta property=\"article:publisher\" content=\"https:\/\/www.facebook.com\/XandraSingerSongwriter\/\" \/>\n<meta property=\"article:modified_time\" content=\"2023-01-10T16:29:15+00:00\" \/>\n<meta name=\"twitter:card\" content=\"summary_large_image\" \/>\n<meta name=\"twitter:label1\" content=\"Gesch\u00e4tzte Lesezeit\" \/>\n\t<meta name=\"twitter:data1\" content=\"3\u00a0Minuten\" \/>\n<script type=\"application\/ld+json\" class=\"yoast-schema-graph\">{\"@context\":\"https:\/\/schema.org\",\"@graph\":[{\"@type\":\"WebPage\",\"@id\":\"https:\/\/sandravandebergh.nl\/?page_id=510\",\"url\":\"https:\/\/sandravandebergh.nl\/?page_id=510\",\"name\":\"Impressum - Xandra\",\"isPartOf\":{\"@id\":\"https:\/\/sandravandebergh.nl\/#website\"},\"datePublished\":\"2015-04-12T20:07:28+00:00\",\"dateModified\":\"2023-01-10T16:29:15+00:00\",\"breadcrumb\":{\"@id\":\"https:\/\/sandravandebergh.nl\/?page_id=510#breadcrumb\"},\"inLanguage\":\"de\",\"potentialAction\":[{\"@type\":\"ReadAction\",\"target\":[\"https:\/\/sandravandebergh.nl\/?page_id=510\"]}]},{\"@type\":\"BreadcrumbList\",\"@id\":\"https:\/\/sandravandebergh.nl\/?page_id=510#breadcrumb\",\"itemListElement\":[{\"@type\":\"ListItem\",\"position\":1,\"name\":\"Home\",\"item\":\"https:\/\/sandravandebergh.nl\/\"},{\"@type\":\"ListItem\",\"position\":2,\"name\":\"Impressum\"}]},{\"@type\":\"WebSite\",\"@id\":\"https:\/\/sandravandebergh.nl\/#website\",\"url\":\"https:\/\/sandravandebergh.nl\/\",\"name\":\"Xandra\",\"description\":\"Die goldene Stimme aus den Niederlanden\",\"potentialAction\":[{\"@type\":\"SearchAction\",\"target\":{\"@type\":\"EntryPoint\",\"urlTemplate\":\"https:\/\/sandravandebergh.nl\/?s={search_term_string}\"},\"query-input\":\"required name=search_term_string\"}],\"inLanguage\":\"de\"}]}<\/script>\n<!-- \/ Yoast SEO plugin. -->","yoast_head_json":{"title":"Impressum - Xandra","robots":{"index":"index","follow":"follow","max-snippet":"max-snippet:-1","max-image-preview":"max-image-preview:large","max-video-preview":"max-video-preview:-1"},"canonical":"https:\/\/sandravandebergh.nl\/?page_id=510","og_locale":"de_DE","og_type":"article","og_title":"Impressum - Xandra","og_description":"Impressum: Xandra Singer &amp; Songwriter Internetpr\u00e4senz: www.xandra.net Dieses Impressum gilt auch f\u00fcr folgende Social Media Profile: Facebook:\u00a0XandraSingerSongwriter,\u00a0SandraZangeres und\u00a0sandra.sangerin.50 Google+:\u00a0Xandra Twitter:\u00a0sandrav1975 Konzept, Gestaltung und Inhalte: Sandra Vandebergh Kontakt: Sandra Vandebergh Dr. Philipsstraat 47 6431 EC\u00a0 HOENSBROEK Niederlande Telefonnummer: +31 6 12 55 81 87 Mail: info&#64;&#120;&#97;&#110;&#100;&#x72;&#x61;&#x2e;&#x6e;&#x65;&#x74; Kleinunternehmer gem\u00e4\u00df \u00a7 19 UStG Die Europ\u00e4ische Kommission stellt eine [&hellip;]","og_url":"https:\/\/sandravandebergh.nl\/?page_id=510","og_site_name":"Xandra","article_publisher":"https:\/\/www.facebook.com\/XandraSingerSongwriter\/","article_modified_time":"2023-01-10T16:29:15+00:00","twitter_card":"summary_large_image","twitter_misc":{"Gesch\u00e4tzte Lesezeit":"3\u00a0Minuten"},"schema":{"@context":"https:\/\/schema.org","@graph":[{"@type":"WebPage","@id":"https:\/\/sandravandebergh.nl\/?page_id=510","url":"https:\/\/sandravandebergh.nl\/?page_id=510","name":"Impressum - Xandra","isPartOf":{"@id":"https:\/\/sandravandebergh.nl\/#website"},"datePublished":"2015-04-12T20:07:28+00:00","dateModified":"2023-01-10T16:29:15+00:00","breadcrumb":{"@id":"https:\/\/sandravandebergh.nl\/?page_id=510#breadcrumb"},"inLanguage":"de","potentialAction":[{"@type":"ReadAction","target":["https:\/\/sandravandebergh.nl\/?page_id=510"]}]},{"@type":"BreadcrumbList","@id":"https:\/\/sandravandebergh.nl\/?page_id=510#breadcrumb","itemListElement":[{"@type":"ListItem","position":1,"name":"Home","item":"https:\/\/sandravandebergh.nl\/"},{"@type":"ListItem","position":2,"name":"Impressum"}]},{"@type":"WebSite","@id":"https:\/\/sandravandebergh.nl\/#website","url":"https:\/\/sandravandebergh.nl\/","name":"Xandra","description":"Die goldene Stimme aus den Niederlanden","potentialAction":[{"@type":"SearchAction","target":{"@type":"EntryPoint","urlTemplate":"https:\/\/sandravandebergh.nl\/?s={search_term_string}"},"query-input":"required name=search_term_string"}],"inLanguage":"de"}]}},"_links":{"self":[{"href":"https:\/\/sandravandebergh.nl\/index.php?rest_route=\/wp\/v2\/pages\/510"}],"collection":[{"href":"https:\/\/sandravandebergh.nl\/index.php?rest_route=\/wp\/v2\/pages"}],"about":[{"href":"https:\/\/sandravandebergh.nl\/index.php?rest_route=\/wp\/v2\/types\/page"}],"author":[{"embeddable":true,"href":"https:\/\/sandravandebergh.nl\/index.php?rest_route=\/wp\/v2\/users\/3"}],"replies":[{"embeddable":true,"href":"https:\/\/sandravandebergh.nl\/index.php?rest_route=%2Fwp%2Fv2%2Fcomments&post=510"}],"version-history":[{"count":7,"href":"https:\/\/sandravandebergh.nl\/index.php?rest_route=\/wp\/v2\/pages\/510\/revisions"}],"predecessor-version":[{"id":13497,"href":"https:\/\/sandravandebergh.nl\/index.php?rest_route=\/wp\/v2\/pages\/510\/revisions\/13497"}],"wp:attachment":[{"href":"https:\/\/sandravandebergh.nl\/index.php?rest_route=%2Fwp%2Fv2%2Fmedia&parent=510"}],"curies":[{"name":"wp","href":"https:\/\/api.w.org\/{rel}","templated":true}]}}