{"id":14,"date":"2015-04-01T20:28:42","date_gmt":"2015-04-01T18:28:42","guid":{"rendered":"http:\/\/www.sandravandebergh.nl\/?page_id=14"},"modified":"2023-01-10T18:33:26","modified_gmt":"2023-01-10T16:33:26","slug":"biografie","status":"publish","type":"page","link":"https:\/\/sandravandebergh.nl\/?page_id=14","title":{"rendered":"\u00dcber Xandra"},"content":{"rendered":"<p><span style=\"color: #000000;\">Vielen Dank an Josef Hunds und Arno Klein f\u00fcr die \u00dcbersetzung der Biografie!<\/span><\/p>\n<h2><span style=\"color: #a46498;\">Xandra, eine Vielseitige S\u00e4ngerin \/ Songwriterin mit einer Goldenen Stimme<\/span><\/h2>\n<p><span style=\"color: #000000;\">Mit 8 Jahren entdeckte Xandra, geboren in Geleen (Niederlande) die Liebe zur Musik.<\/span><\/p>\n<p><span style=\"color: #000000;\">Zu ihrer ersten Kommunion w\u00fcnschte sie sich ein Keyboard von ihren Eltern. Das Geschenk war verbunden mit dem Versprechen auch Unterricht zu nehmen. Ihr Keyboard Lehrer \u00fcberredete sie \u00d6ffentlich aufzutreten. Und so spielte sie 1984 erstmalig auf einer Kindersitzung. Der Spa\u00df und die Freude wurden gr\u00f6\u00dfer und so konnte man sie immer \u00f6fter auf Kindersitzungen sehen. Mit 11 Jahren schrieb sie ihre ersten eigenen Lieder, in verschiedenen Musikrichtungen, von Karneval bis Pop.<\/span><\/p>\n<p><span style=\"color: #000000;\">Mit der Zeit fand Xandra das Singen jedoch viel Interessanter. Sie trat einem Jugendchor bei. Durch die Erkrankung der Solos\u00e4ngerin wurde sie vom Chorleiter gefragt diesen Part zu \u00fcbernehmen. So kam sie zu ihrem ersten Auftritt als Solos\u00e4ngerin. Die Reaktion war so gro\u00df, das man der Meinung war; Sie m\u00fcsste unbedingt weitermachen. Talentwettbewerbe folgten und sie best\u00e4tigten ihren Erfolg. Arno Klein, den sie kennen lernte (und mit dem sie auch heute noch viel zusammen arbeitet), stellte haupts\u00e4chlich in Deutschland die Verbindungen her und vermittelte sie zu verschiedenen Auftritten. \u201cDie goldene Stimme aus den Niederlanden\u201d wurde damals schon ihr Spitznamen. Auch heute wird Xandra noch oft mit diesem Spitznamen angesagt.<\/span><\/p>\n<h2><span style=\"color: #a46498;\">Verschiedene Musikrichtungen<\/span><\/h2>\n<p><span style=\"color: #000000;\">Von 1996 bis 2007 war Xandra S\u00e4ngerin in einer Band. Nach 2007 setzte sie aber wieder als Solo S\u00e4ngerin in verschiedene Musikrichtungen ihren Weg fort. So feierte Xandra die erste H\u00f6hepunkte wie z.B. die Konzerte in Italien und der Gewinn des 1. Preis bei der Stimmungsbombe in Aachen. Xandra hatte aber auch den Wunsch mal eine eigene CD mit selbst komponierten Lieder zu ver\u00f6ffentlichen. Dieser Wunsch wurde auch immer gr\u00f6\u00dfer. Daran wurde dann auch fest gearbeitet. Deswegen war es f\u00fcr Xandra eine gro\u00dfe Ehre und Chance, mit den \u00d6sterreichischen Textschreibern Erika Hagler und Willi Ohler zusammen arbeiten zu d\u00fcrfen..<\/span><\/p>\n<p><span style=\"color: #000000;\">In 2012 erschien ihre erste Single CD \u201cEinmal S\u00fc\u00df und einmal Bitter\u201d, gefolgt durch das Mini-Album \u201cEin echter Womanizer\u201d, in 2013 (noch unter den K\u00fcnstlernamen &#8222;Sandra&#8220;).<\/span><\/p>\n<table class=\"tg\" align=\"center\">\n<tbody>\n<tr>\n<th class=\"tg-yw4l\">&nbsp;<a href=\"http:\/\/www.sandravandebergh.nl\/wp-content\/uploads\/2014\/08\/CD-Cover-Einmal-S\u00fc\u00df-und-einmal-Bitter-internet.jpg\"><img fetchpriority=\"high\" decoding=\"async\" class=\"alignnone size-medium wp-image-15\" src=\"http:\/\/www.sandravandebergh.nl\/wp-content\/uploads\/2014\/08\/CD-Cover-Einmal-S\u00fc\u00df-und-einmal-Bitter-internet-295x300.jpg\" alt=\"CD Cover Einmal S\u00fc\u00df und einmal Bitter internet\" width=\"295\" height=\"300\" srcset=\"https:\/\/sandravandebergh.nl\/wp-content\/uploads\/2014\/08\/CD-Cover-Einmal-S\u00fc\u00df-und-einmal-Bitter-internet-295x300.jpg 295w, https:\/\/sandravandebergh.nl\/wp-content\/uploads\/2014\/08\/CD-Cover-Einmal-S\u00fc\u00df-und-einmal-Bitter-internet-600x610.jpg 600w, https:\/\/sandravandebergh.nl\/wp-content\/uploads\/2014\/08\/CD-Cover-Einmal-S\u00fc\u00df-und-einmal-Bitter-internet-1008x1024.jpg 1008w, https:\/\/sandravandebergh.nl\/wp-content\/uploads\/2014\/08\/CD-Cover-Einmal-S\u00fc\u00df-und-einmal-Bitter-internet-768x781.jpg 768w, https:\/\/sandravandebergh.nl\/wp-content\/uploads\/2014\/08\/CD-Cover-Einmal-S\u00fc\u00df-und-einmal-Bitter-internet-146x148.jpg 146w, https:\/\/sandravandebergh.nl\/wp-content\/uploads\/2014\/08\/CD-Cover-Einmal-S\u00fc\u00df-und-einmal-Bitter-internet-31x31.jpg 31w, https:\/\/sandravandebergh.nl\/wp-content\/uploads\/2014\/08\/CD-Cover-Einmal-S\u00fc\u00df-und-einmal-Bitter-internet-38x38.jpg 38w, https:\/\/sandravandebergh.nl\/wp-content\/uploads\/2014\/08\/CD-Cover-Einmal-S\u00fc\u00df-und-einmal-Bitter-internet-212x215.jpg 212w, https:\/\/sandravandebergh.nl\/wp-content\/uploads\/2014\/08\/CD-Cover-Einmal-S\u00fc\u00df-und-einmal-Bitter-internet.jpg 1468w\" sizes=\"(max-width: 295px) 100vw, 295px\" \/><\/a><\/th>\n<th class=\"tg-yw4l\">&nbsp;<a href=\"http:\/\/www.sandravandebergh.nl\/wp-content\/uploads\/2014\/08\/CD-Hoes-Ein-echter-Womanizer.jpg\"><img decoding=\"async\" class=\"alignnone size-medium wp-image-16\" src=\"http:\/\/www.sandravandebergh.nl\/wp-content\/uploads\/2014\/08\/CD-Hoes-Ein-echter-Womanizer-300x300.jpg\" alt=\"CD-Hoes Ein echter Womanizer\" width=\"300\" height=\"300\" srcset=\"https:\/\/sandravandebergh.nl\/wp-content\/uploads\/2014\/08\/CD-Hoes-Ein-echter-Womanizer-300x300.jpg 300w, https:\/\/sandravandebergh.nl\/wp-content\/uploads\/2014\/08\/CD-Hoes-Ein-echter-Womanizer-100x100.jpg 100w, https:\/\/sandravandebergh.nl\/wp-content\/uploads\/2014\/08\/CD-Hoes-Ein-echter-Womanizer-600x600.jpg 600w, https:\/\/sandravandebergh.nl\/wp-content\/uploads\/2014\/08\/CD-Hoes-Ein-echter-Womanizer-150x150.jpg 150w, https:\/\/sandravandebergh.nl\/wp-content\/uploads\/2014\/08\/CD-Hoes-Ein-echter-Womanizer-768x768.jpg 768w, https:\/\/sandravandebergh.nl\/wp-content\/uploads\/2014\/08\/CD-Hoes-Ein-echter-Womanizer-148x148.jpg 148w, https:\/\/sandravandebergh.nl\/wp-content\/uploads\/2014\/08\/CD-Hoes-Ein-echter-Womanizer-31x31.jpg 31w, https:\/\/sandravandebergh.nl\/wp-content\/uploads\/2014\/08\/CD-Hoes-Ein-echter-Womanizer-38x38.jpg 38w, https:\/\/sandravandebergh.nl\/wp-content\/uploads\/2014\/08\/CD-Hoes-Ein-echter-Womanizer-215x215.jpg 215w, https:\/\/sandravandebergh.nl\/wp-content\/uploads\/2014\/08\/CD-Hoes-Ein-echter-Womanizer.jpg 800w\" sizes=\"(max-width: 300px) 100vw, 300px\" \/><\/a><\/th>\n<\/tr>\n<\/tbody>\n<\/table>\n<p><span style=\"color: #000000;\">In 2014 wurde dann noch der Titel \u201cWenn ich nur einen Wunsch frei h\u00e4tte\u201d ver\u00f6ffentlicht durch der VOET in \u00d6sterreich als einer der Gewinnern eines Wettbewerbs. Auch bei dieses Lied arbeitete Xandra wieder zusammen mit der Textschreiberin Erika Hagler. In 2015 wurde Xandra ausgezeichnet mit dem Deutschen Fach Medien Preis in die Kategorie Singer-Songwriter (1. Platz) und S\u00e4ngerin (2. Platz).<\/span><\/p>\n<p><span style=\"color: #000000;\">Xandra ist eine vielseitige S\u00e4ngerin &amp; Komponistin. Oft wird sie angesagt als \u201cSchlagers\u00e4ngerin\u201d, aber wer bei ihren Auftritte genau zuh\u00f6rt, bemerkt das Xandra viel mehr drauf hat als nur Schlagermusik zu singen und zu komponieren. Dies zeigte Sie auf ihren Album &#8222;With Love&#8220;, das Sommer 2016 ver\u00f6ffentlicht wurde.<\/span><\/p>\n<p><a href=\"http:\/\/www.sandravandebergh.nl\/wp-content\/uploads\/2015\/04\/CD-Xandra-With-Love-Internet.jpg\"><img decoding=\"async\" class=\"aligncenter wp-image-941 size-medium\" src=\"https:\/\/sandravandebergh.nl\/wp-content\/uploads\/2015\/04\/CD-Xandra-With-Love-Internet-300x300.jpg\" alt=\"\" width=\"300\" height=\"300\" srcset=\"https:\/\/sandravandebergh.nl\/wp-content\/uploads\/2015\/04\/CD-Xandra-With-Love-Internet-300x300.jpg 300w, https:\/\/sandravandebergh.nl\/wp-content\/uploads\/2015\/04\/CD-Xandra-With-Love-Internet-100x100.jpg 100w, https:\/\/sandravandebergh.nl\/wp-content\/uploads\/2015\/04\/CD-Xandra-With-Love-Internet-150x150.jpg 150w, https:\/\/sandravandebergh.nl\/wp-content\/uploads\/2015\/04\/CD-Xandra-With-Love-Internet-148x148.jpg 148w, https:\/\/sandravandebergh.nl\/wp-content\/uploads\/2015\/04\/CD-Xandra-With-Love-Internet-31x31.jpg 31w, https:\/\/sandravandebergh.nl\/wp-content\/uploads\/2015\/04\/CD-Xandra-With-Love-Internet-38x38.jpg 38w, https:\/\/sandravandebergh.nl\/wp-content\/uploads\/2015\/04\/CD-Xandra-With-Love-Internet-215x215.jpg 215w, https:\/\/sandravandebergh.nl\/wp-content\/uploads\/2015\/04\/CD-Xandra-With-Love-Internet.jpg 366w\" sizes=\"(max-width: 300px) 100vw, 300px\" \/><\/a><\/p>\n<p><span style=\"color: #000000;\">Am 06.10.2017 erschien Xandra&#8217;s neue Single &#8222;Beim Spiel mit dem Feuer&#8220; als Download. Sp\u00e4ter am 25.11.2017 gab es dann eine CD-Pr\u00e4sentation bei Brasserie La Plaza in Brunssum (NL).<\/span><\/p>\n<p><a href=\"https:\/\/sandravandebergh.nl\/wp-content\/uploads\/2017\/09\/jddkkldobflaoiop.png\"><img loading=\"lazy\" decoding=\"async\" class=\"aligncenter wp-image-961 size-medium\" src=\"https:\/\/sandravandebergh.nl\/wp-content\/uploads\/2017\/09\/jddkkldobflaoiop-300x300.png\" alt=\"Beim Spiel mit dem Feuer\" width=\"300\" height=\"300\" srcset=\"https:\/\/sandravandebergh.nl\/wp-content\/uploads\/2017\/09\/jddkkldobflaoiop-300x300.png 300w, https:\/\/sandravandebergh.nl\/wp-content\/uploads\/2017\/09\/jddkkldobflaoiop-100x100.png 100w, https:\/\/sandravandebergh.nl\/wp-content\/uploads\/2017\/09\/jddkkldobflaoiop-416x416.png 416w, https:\/\/sandravandebergh.nl\/wp-content\/uploads\/2017\/09\/jddkkldobflaoiop-150x150.png 150w, https:\/\/sandravandebergh.nl\/wp-content\/uploads\/2017\/09\/jddkkldobflaoiop-148x148.png 148w, https:\/\/sandravandebergh.nl\/wp-content\/uploads\/2017\/09\/jddkkldobflaoiop-31x31.png 31w, https:\/\/sandravandebergh.nl\/wp-content\/uploads\/2017\/09\/jddkkldobflaoiop-38x38.png 38w, https:\/\/sandravandebergh.nl\/wp-content\/uploads\/2017\/09\/jddkkldobflaoiop-215x215.png 215w, https:\/\/sandravandebergh.nl\/wp-content\/uploads\/2017\/09\/jddkkldobflaoiop.png 500w\" sizes=\"(max-width: 300px) 100vw, 300px\" \/><\/a><\/p>\n<p><span style=\"color: #000000;\">Am 28.06.2019 ver\u00f6ffentichte Xandra ihre Single &#8222;Hallo Mr. Right&#8220; als MP3 Download bei Fiesta Records. Diesen Song hat sie nicht nur selbst komponiert, sondern auch selbst getextet.<\/span><\/p>\n<p><a href=\"https:\/\/sandravandebergh.nl\/wp-content\/uploads\/2019\/10\/Cover-web.jpg\"><img loading=\"lazy\" decoding=\"async\" class=\"aligncenter size-medium wp-image-1913\" src=\"https:\/\/sandravandebergh.nl\/wp-content\/uploads\/2019\/10\/Cover-web-300x300.jpg\" alt=\"\" width=\"300\" height=\"300\" srcset=\"https:\/\/sandravandebergh.nl\/wp-content\/uploads\/2019\/10\/Cover-web-300x300.jpg 300w, https:\/\/sandravandebergh.nl\/wp-content\/uploads\/2019\/10\/Cover-web-150x150.jpg 150w, https:\/\/sandravandebergh.nl\/wp-content\/uploads\/2019\/10\/Cover-web-768x768.jpg 768w, https:\/\/sandravandebergh.nl\/wp-content\/uploads\/2019\/10\/Cover-web-1024x1024.jpg 1024w, https:\/\/sandravandebergh.nl\/wp-content\/uploads\/2019\/10\/Cover-web-600x600.jpg 600w, https:\/\/sandravandebergh.nl\/wp-content\/uploads\/2019\/10\/Cover-web-100x100.jpg 100w\" sizes=\"(max-width: 300px) 100vw, 300px\" \/><\/a><\/p>\n\n\n<p>In 2020 entschlie\u00df Xandra sich, um eine Pause einzulegen. In 2022 kehrte Xandra wieder auf der B\u00fchne zur\u00fcck. Momentan wird gearbeitet an neue Songs und hofft Xandra, in 2023 wieder ordentlich durchstarten zu k\u00f6nnen.<\/p>\n","protected":false},"excerpt":{"rendered":"<p>Vielen Dank an Josef Hunds und Arno Klein f\u00fcr die \u00dcbersetzung der Biografie! Xandra, eine Vielseitige S\u00e4ngerin \/ Songwriterin mit einer Goldenen Stimme Mit 8 Jahren entdeckte Xandra, geboren in Geleen (Niederlande) die Liebe zur Musik. Zu ihrer ersten Kommunion w\u00fcnschte sie sich ein Keyboard von ihren Eltern. Das Geschenk war verbunden mit dem Versprechen [&hellip;]<\/p>\n","protected":false},"author":3,"featured_media":0,"parent":0,"menu_order":2,"comment_status":"closed","ping_status":"closed","template":"","meta":[],"yoast_head":"<!-- This site is optimized with the Yoast SEO plugin v21.1 - https:\/\/yoast.com\/wordpress\/plugins\/seo\/ -->\n<title>Biografie | \u00dcber Xandra - Xandra, S\u00e4ngerin aus den Niederlanden<\/title>\n<meta name=\"description\" content=\"Biografie gibt es auf der Webseite von Xandra, S\u00e4ngerin aus den Niederlanden. Goldene Stimme. Immer 100% Live Gesang. Webshop.\" \/>\n<meta name=\"robots\" content=\"index, follow, max-snippet:-1, max-image-preview:large, max-video-preview:-1\" \/>\n<link rel=\"canonical\" href=\"https:\/\/sandravandebergh.nl\/?page_id=14\" \/>\n<meta property=\"og:locale\" content=\"de_DE\" \/>\n<meta property=\"og:type\" content=\"article\" \/>\n<meta property=\"og:title\" content=\"Biografie | \u00dcber Xandra - Xandra, S\u00e4ngerin aus den Niederlanden\" \/>\n<meta property=\"og:description\" content=\"Biografie gibt es auf der Webseite von Xandra, S\u00e4ngerin aus den Niederlanden. Goldene Stimme. Immer 100% Live Gesang. Webshop.\" \/>\n<meta property=\"og:url\" content=\"https:\/\/sandravandebergh.nl\/?page_id=14\" \/>\n<meta property=\"og:site_name\" content=\"Xandra\" \/>\n<meta property=\"article:publisher\" content=\"https:\/\/www.facebook.com\/XandraSingerSongwriter\/\" \/>\n<meta property=\"article:modified_time\" content=\"2023-01-10T16:33:26+00:00\" \/>\n<meta property=\"og:image\" content=\"http:\/\/www.sandravandebergh.nl\/wp-content\/uploads\/2014\/08\/CD-Hoes-Ein-echter-Womanizer-300x300.jpg\" \/>\n<meta name=\"twitter:card\" content=\"summary_large_image\" \/>\n<meta name=\"twitter:label1\" content=\"Gesch\u00e4tzte Lesezeit\" \/>\n\t<meta name=\"twitter:data1\" content=\"5\u00a0Minuten\" \/>\n<script type=\"application\/ld+json\" class=\"yoast-schema-graph\">{\"@context\":\"https:\/\/schema.org\",\"@graph\":[{\"@type\":\"WebPage\",\"@id\":\"https:\/\/sandravandebergh.nl\/?page_id=14\",\"url\":\"https:\/\/sandravandebergh.nl\/?page_id=14\",\"name\":\"Biografie | \u00dcber Xandra - Xandra, S\u00e4ngerin aus den Niederlanden\",\"isPartOf\":{\"@id\":\"https:\/\/sandravandebergh.nl\/#website\"},\"datePublished\":\"2015-04-01T18:28:42+00:00\",\"dateModified\":\"2023-01-10T16:33:26+00:00\",\"description\":\"Biografie gibt es auf der Webseite von Xandra, S\u00e4ngerin aus den Niederlanden. Goldene Stimme. Immer 100% Live Gesang. Webshop.\",\"breadcrumb\":{\"@id\":\"https:\/\/sandravandebergh.nl\/?page_id=14#breadcrumb\"},\"inLanguage\":\"de\",\"potentialAction\":[{\"@type\":\"ReadAction\",\"target\":[\"https:\/\/sandravandebergh.nl\/?page_id=14\"]}]},{\"@type\":\"BreadcrumbList\",\"@id\":\"https:\/\/sandravandebergh.nl\/?page_id=14#breadcrumb\",\"itemListElement\":[{\"@type\":\"ListItem\",\"position\":1,\"name\":\"Home\",\"item\":\"https:\/\/sandravandebergh.nl\/\"},{\"@type\":\"ListItem\",\"position\":2,\"name\":\"\u00dcber Xandra\"}]},{\"@type\":\"WebSite\",\"@id\":\"https:\/\/sandravandebergh.nl\/#website\",\"url\":\"https:\/\/sandravandebergh.nl\/\",\"name\":\"Xandra\",\"description\":\"Die goldene Stimme aus den Niederlanden\",\"potentialAction\":[{\"@type\":\"SearchAction\",\"target\":{\"@type\":\"EntryPoint\",\"urlTemplate\":\"https:\/\/sandravandebergh.nl\/?s={search_term_string}\"},\"query-input\":\"required name=search_term_string\"}],\"inLanguage\":\"de\"}]}<\/script>\n<!-- \/ Yoast SEO plugin. -->","yoast_head_json":{"title":"Biografie | \u00dcber Xandra - Xandra, S\u00e4ngerin aus den Niederlanden","description":"Biografie gibt es auf der Webseite von Xandra, S\u00e4ngerin aus den Niederlanden. Goldene Stimme. Immer 100% Live Gesang. Webshop.","robots":{"index":"index","follow":"follow","max-snippet":"max-snippet:-1","max-image-preview":"max-image-preview:large","max-video-preview":"max-video-preview:-1"},"canonical":"https:\/\/sandravandebergh.nl\/?page_id=14","og_locale":"de_DE","og_type":"article","og_title":"Biografie | \u00dcber Xandra - Xandra, S\u00e4ngerin aus den Niederlanden","og_description":"Biografie gibt es auf der Webseite von Xandra, S\u00e4ngerin aus den Niederlanden. Goldene Stimme. Immer 100% Live Gesang. Webshop.","og_url":"https:\/\/sandravandebergh.nl\/?page_id=14","og_site_name":"Xandra","article_publisher":"https:\/\/www.facebook.com\/XandraSingerSongwriter\/","article_modified_time":"2023-01-10T16:33:26+00:00","og_image":[{"url":"http:\/\/www.sandravandebergh.nl\/wp-content\/uploads\/2014\/08\/CD-Hoes-Ein-echter-Womanizer-300x300.jpg"}],"twitter_card":"summary_large_image","twitter_misc":{"Gesch\u00e4tzte Lesezeit":"5\u00a0Minuten"},"schema":{"@context":"https:\/\/schema.org","@graph":[{"@type":"WebPage","@id":"https:\/\/sandravandebergh.nl\/?page_id=14","url":"https:\/\/sandravandebergh.nl\/?page_id=14","name":"Biografie | \u00dcber Xandra - Xandra, S\u00e4ngerin aus den Niederlanden","isPartOf":{"@id":"https:\/\/sandravandebergh.nl\/#website"},"datePublished":"2015-04-01T18:28:42+00:00","dateModified":"2023-01-10T16:33:26+00:00","description":"Biografie gibt es auf der Webseite von Xandra, S\u00e4ngerin aus den Niederlanden. Goldene Stimme. Immer 100% Live Gesang. Webshop.","breadcrumb":{"@id":"https:\/\/sandravandebergh.nl\/?page_id=14#breadcrumb"},"inLanguage":"de","potentialAction":[{"@type":"ReadAction","target":["https:\/\/sandravandebergh.nl\/?page_id=14"]}]},{"@type":"BreadcrumbList","@id":"https:\/\/sandravandebergh.nl\/?page_id=14#breadcrumb","itemListElement":[{"@type":"ListItem","position":1,"name":"Home","item":"https:\/\/sandravandebergh.nl\/"},{"@type":"ListItem","position":2,"name":"\u00dcber Xandra"}]},{"@type":"WebSite","@id":"https:\/\/sandravandebergh.nl\/#website","url":"https:\/\/sandravandebergh.nl\/","name":"Xandra","description":"Die goldene Stimme aus den Niederlanden","potentialAction":[{"@type":"SearchAction","target":{"@type":"EntryPoint","urlTemplate":"https:\/\/sandravandebergh.nl\/?s={search_term_string}"},"query-input":"required name=search_term_string"}],"inLanguage":"de"}]}},"_links":{"self":[{"href":"https:\/\/sandravandebergh.nl\/index.php?rest_route=\/wp\/v2\/pages\/14"}],"collection":[{"href":"https:\/\/sandravandebergh.nl\/index.php?rest_route=\/wp\/v2\/pages"}],"about":[{"href":"https:\/\/sandravandebergh.nl\/index.php?rest_route=\/wp\/v2\/types\/page"}],"author":[{"embeddable":true,"href":"https:\/\/sandravandebergh.nl\/index.php?rest_route=\/wp\/v2\/users\/3"}],"replies":[{"embeddable":true,"href":"https:\/\/sandravandebergh.nl\/index.php?rest_route=%2Fwp%2Fv2%2Fcomments&post=14"}],"version-history":[{"count":15,"href":"https:\/\/sandravandebergh.nl\/index.php?rest_route=\/wp\/v2\/pages\/14\/revisions"}],"predecessor-version":[{"id":13491,"href":"https:\/\/sandravandebergh.nl\/index.php?rest_route=\/wp\/v2\/pages\/14\/revisions\/13491"}],"wp:attachment":[{"href":"https:\/\/sandravandebergh.nl\/index.php?rest_route=%2Fwp%2Fv2%2Fmedia&parent=14"}],"curies":[{"name":"wp","href":"https:\/\/api.w.org\/{rel}","templated":true}]}}